{"id":71,"date":"2014-11-17T17:06:55","date_gmt":"2014-11-17T16:06:55","guid":{"rendered":"http:\/\/garciacuba.com\/main\/?page_id=71"},"modified":"2023-03-04T13:36:50","modified_gmt":"2023-03-04T12:36:50","slug":"inicio","status":"publish","type":"page","link":"https:\/\/garciacuba.com\/wpsgc\/","title":{"rendered":"Inicio"},"content":{"rendered":"<p>Profesor de Armon\u00eda y Composici\u00f3n en el Conservatorio Profesional de M\u00fasica &#8216;Gonzalo Mart\u00edn Tenllado&#8217; de M\u00e1laga<\/p>\n<p>En este sitio se pueden encontrar:<\/p>\n<ul>\n<li>Composiciones estrenadas, \u00a0para piano, grupos de c\u00e1mara y orquesta.<\/li>\n<li>Charlas y conferencias sobre an\u00e1lisis musical<\/li>\n<li>Material did\u00e1ctico utilizado en el aula<\/li>\n<li>Recopilaci\u00f3n de obras destacadas de alumnos<\/li>\n<\/ul>\n<p>\u00a0<\/p>\n<p>\u00a0<\/p>\n<p>\u00a0<\/p>\n","protected":false},"excerpt":{"rendered":"<p>Profesor de Armon\u00eda y Composici\u00f3n en el Conservatorio Profesional de M\u00fasica &#8216;Gonzalo Mart\u00edn Tenllado&#8217; de M\u00e1laga En este sitio se pueden encontrar: Composiciones estrenadas, \u00a0para piano, grupos de c\u00e1mara y orquesta. Charlas y conferencias sobre an\u00e1lisis musical Material did\u00e1ctico utilizado en el aula Recopilaci\u00f3n de obras destacadas de alumnos \u00a0 \u00a0 \u00a0<\/p>\n","protected":false},"author":1,"featured_media":0,"parent":0,"menu_order":0,"comment_status":"closed","ping_status":"closed","template":"","meta":{"footnotes":""},"class_list":["post-71","page","type-page","status-publish","hentry"],"_links":{"self":[{"href":"https:\/\/garciacuba.com\/wpsgc\/wp-json\/wp\/v2\/pages\/71","targetHints":{"allow":["GET"]}}],"collection":[{"href":"https:\/\/garciacuba.com\/wpsgc\/wp-json\/wp\/v2\/pages"}],"about":[{"href":"https:\/\/garciacuba.com\/wpsgc\/wp-json\/wp\/v2\/types\/page"}],"author":[{"embeddable":true,"href":"https:\/\/garciacuba.com\/wpsgc\/wp-json\/wp\/v2\/users\/1"}],"replies":[{"embeddable":true,"href":"https:\/\/garciacuba.com\/wpsgc\/wp-json\/wp\/v2\/comments?post=71"}],"version-history":[{"count":7,"href":"https:\/\/garciacuba.com\/wpsgc\/wp-json\/wp\/v2\/pages\/71\/revisions"}],"predecessor-version":[{"id":1323,"href":"https:\/\/garciacuba.com\/wpsgc\/wp-json\/wp\/v2\/pages\/71\/revisions\/1323"}],"wp:attachment":[{"href":"https:\/\/garciacuba.com\/wpsgc\/wp-json\/wp\/v2\/media?parent=71"}],"curies":[{"name":"wp","href":"https:\/\/api.w.org\/{rel}","templated":true}]}}

<p>Profesor de Armonía y Composición en el Conservatorio Profesional de Música &#8216;Gonzalo Martín Tenllado&#8217; de Málaga</p>
<p>En este sitio se pueden encontrar:</p>
<ul>
<li>Composiciones estrenadas,  para piano, grupos de cámara y orquesta.</li>
<li>Charlas y conferencias sobre análisis musical</li>
<li>Material didáctico utilizado en el aula</li>
<li>Recopilación de obras destacadas de alumnos</li>
</ul>
<p> </p>
<p> </p>
<p> </p>

<p>Profesor de Armonía y Composición en el Conservatorio Profesional de Música &#8216;Gonzalo Martín Tenllado&#8217; de Málaga En este sitio se pueden encontrar: Composiciones estrenadas,  para piano, grupos de cámara y orquesta. Charlas y conferencias sobre análisis musical Material didáctico utilizado en el aula Recopilación de obras destacadas de alumnos      </p>
