{"id":1110,"date":"2023-02-26T18:11:44","date_gmt":"2023-02-26T18:11:44","guid":{"rendered":"https:\/\/garciacuba.com\/wpsgc\/?page_id=1110"},"modified":"2023-02-26T18:14:33","modified_gmt":"2023-02-26T18:14:33","slug":"material-didactico","status":"publish","type":"page","link":"https:\/\/garciacuba.com\/wpsgc\/material-didactico\/","title":{"rendered":"Material Did\u00e1ctico"},"content":{"rendered":"<p>Aqu\u00ed se puede encontrar material que uso para las clases.<\/p>\n<p>Son apuntes que pueden descargarse, y si usted lo encuentra interesante, puede usarlo sin problema, seg\u00fan licencia\u00a0<a title=\"Creative Commons\" href=\"http:\/\/es.creativecommons.org\/blog\/licencias\/\" target=\"_blank\" rel=\"noopener\">Creative Commons<\/a><\/p>\n<figure><img loading=\"lazy\" decoding=\"async\" class=\"aligncenter size-full wp-image-49\" src=\"https:\/\/garciacuba.com\/wpsgc\/wp-content\/uploads\/2014\/11\/by-nc-nd.eu_petit.png\" alt=\"compartir reconociendo autor\u00eda\" width=\"118\" height=\"41\" \/><\/figure>\n\n\n<div class=\"wp-block-columns is-layout-flex wp-container-core-columns-is-layout-9d6595d7 wp-block-columns-is-layout-flex\">\n<div class=\"wp-block-column is-layout-flow wp-block-column-is-layout-flow\" style=\"flex-basis:33.33%\">\n<figure class=\"wp-block-wphackers-qr\"><svg shape-rendering=\"crispEdges\" height=\"128\" width=\"128\" viewBox=\"0 0 33 33\"><path fill=\"#FFFFFF\" d=\"M0,0 h33v33H0z\"><\/path><path fill=\"#000000\" d=\"M0 0h7v1H0zM10 0h1v1H10zM14 0h2v1H14zM17 0h3v1H17zM22 0h1v1H22zM26,0 h7v1H26zM0 1h1v1H0zM6 1h1v1H6zM9 1h2v1H9zM14 1h1v1H14zM16 1h1v1H16zM18 1h1v1H18zM22 1h1v1H22zM26 1h1v1H26zM32,1 h1v1H32zM0 2h1v1H0zM2 2h3v1H2zM6 2h1v1H6zM9 2h1v1H9zM12 2h1v1H12zM14 2h1v1H14zM16 2h1v1H16zM21 2h1v1H21zM24 2h1v1H24zM26 2h1v1H26zM28 2h3v1H28zM32,2 h1v1H32zM0 3h1v1H0zM2 3h3v1H2zM6 3h1v1H6zM8 3h2v1H8zM11 3h4v1H11zM16 3h6v1H16zM23 3h2v1H23zM26 3h1v1H26zM28 3h3v1H28zM32,3 h1v1H32zM0 4h1v1H0zM2 4h3v1H2zM6 4h1v1H6zM8 4h2v1H8zM11 4h1v1H11zM13 4h1v1H13zM15 4h2v1H15zM19 4h3v1H19zM23 4h1v1H23zM26 4h1v1H26zM28 4h3v1H28zM32,4 h1v1H32zM0 5h1v1H0zM6 5h1v1H6zM9 5h2v1H9zM12 5h3v1H12zM16 5h3v1H16zM22 5h1v1H22zM24 5h1v1H24zM26 5h1v1H26zM32,5 h1v1H32zM0 6h7v1H0zM8 6h1v1H8zM10 6h1v1H10zM12 6h1v1H12zM14 6h1v1H14zM16 6h1v1H16zM18 6h1v1H18zM20 6h1v1H20zM22 6h1v1H22zM24 6h1v1H24zM26,6 h7v1H26zM10 7h3v1H10zM14 7h1v1H14zM16 7h1v1H16zM22 7h2v1H22zM0 8h2v1H0zM5 8h3v1H5zM9 8h1v1H9zM13 8h3v1H13zM19 8h1v1H19zM24 8h1v1H24zM28 8h2v1H28zM0 9h2v1H0zM3 9h3v1H3zM9 9h3v1H9zM15 9h1v1H15zM19 9h1v1H19zM21 9h3v1H21zM27 9h2v1H27zM30 9h2v1H30zM3 10h1v1H3zM6 10h1v1H6zM8 10h1v1H8zM10 10h1v1H10zM13 10h3v1H13zM17 10h1v1H17zM20 10h1v1H20zM22 10h1v1H22zM25 10h2v1H25zM28 10h2v1H28zM31 10h1v1H31zM2 11h1v1H2zM4 11h2v1H4zM7 11h1v1H7zM9 11h1v1H9zM12 11h1v1H12zM22 11h2v1H22zM25 11h3v1H25zM30 11h1v1H30zM2 12h2v1H2zM5 12h2v1H5zM9 12h1v1H9zM11 12h2v1H11zM15 12h1v1H15zM17 12h1v1H17zM24 12h1v1H24zM26 12h2v1H26zM31,12 h2v1H31zM0 13h6v1H0zM7 13h2v1H7zM11 13h1v1H11zM13 13h1v1H13zM15 13h1v1H15zM19 13h2v1H19zM23 13h2v1H23zM26 13h2v1H26zM31,13 h2v1H31zM0 14h2v1H0zM3 14h2v1H3zM6 14h3v1H6zM10 14h1v1H10zM12 14h1v1H12zM15 14h4v1H15zM20 14h3v1H20zM25 14h4v1H25zM31 14h1v1H31zM1 15h1v1H1zM3 15h1v1H3zM5 15h1v1H5zM7 15h3v1H7zM12 15h1v1H12zM15 15h1v1H15zM19 15h2v1H19zM22 15h1v1H22zM25 15h1v1H25zM27 15h1v1H27zM30 15h1v1H30zM32,15 h1v1H32zM1 16h1v1H1zM3 16h1v1H3zM5 16h2v1H5zM8 16h2v1H8zM11 16h4v1H11zM17 16h2v1H17zM20 16h1v1H20zM23 16h3v1H23zM27 16h2v1H27zM31 16h1v1H31zM0 17h1v1H0zM2 17h4v1H2zM8 17h1v1H8zM11 17h1v1H11zM15 17h2v1H15zM20 17h2v1H20zM23 17h1v1H23zM26 17h1v1H26zM29 17h1v1H29zM31,17 h2v1H31zM0 18h3v1H0zM5 18h7v1H5zM13 18h1v1H13zM15 18h1v1H15zM17 18h4v1H17zM23 18h1v1H23zM26 18h1v1H26zM28 18h1v1H28zM32,18 h1v1H32zM0 19h1v1H0zM2 19h2v1H2zM5 19h1v1H5zM7 19h1v1H7zM11 19h2v1H11zM14 19h1v1H14zM16 19h1v1H16zM19 19h2v1H19zM22 19h2v1H22zM25 19h3v1H25zM30 19h1v1H30zM1 20h1v1H1zM4 20h4v1H4zM9 20h2v1H9zM13 20h3v1H13zM19 20h1v1H19zM23 20h3v1H23zM27 20h2v1H27zM31 20h1v1H31zM0 21h1v1H0zM2 21h1v1H2zM7 21h5v1H7zM18 21h2v1H18zM23 21h1v1H23zM27 21h3v1H27zM31 21h1v1H31zM0 22h1v1H0zM2 22h7v1H2zM10 22h1v1H10zM13 22h6v1H13zM20 22h2v1H20zM25 22h5v1H25zM31 22h1v1H31zM0 23h1v1H0zM2 23h2v1H2zM8 23h1v1H8zM14 23h3v1H14zM23 23h2v1H23zM27 23h1v1H27zM29 23h2v1H29zM0 24h2v1H0zM5 24h3v1H5zM14 24h2v1H14zM19 24h1v1H19zM21 24h1v1H21zM23 24h7v1H23zM31 24h1v1H31zM8 25h7v1H8zM16 25h1v1H16zM18 25h2v1H18zM24 25h1v1H24zM28 25h3v1H28zM32,25 h1v1H32zM0 26h7v1H0zM8 26h3v1H8zM12 26h5v1H12zM18 26h1v1H18zM20 26h1v1H20zM23 26h2v1H23zM26 26h1v1H26zM28 26h1v1H28zM30 26h2v1H30zM0 27h1v1H0zM6 27h1v1H6zM8 27h1v1H8zM10 27h1v1H10zM12 27h1v1H12zM16 27h1v1H16zM20 27h1v1H20zM22 27h3v1H22zM28,27 h5v1H28zM0 28h1v1H0zM2 28h3v1H2zM6 28h1v1H6zM9 28h1v1H9zM13 28h4v1H13zM19 28h2v1H19zM24 28h6v1H24zM31,28 h2v1H31zM0 29h1v1H0zM2 29h3v1H2zM6 29h1v1H6zM9 29h1v1H9zM11 29h1v1H11zM14 29h3v1H14zM20 29h1v1H20zM22 29h1v1H22zM25 29h1v1H25zM27 29h2v1H27zM30 29h1v1H30zM0 30h1v1H0zM2 30h3v1H2zM6 30h1v1H6zM9 30h3v1H9zM13 30h1v1H13zM15 30h2v1H15zM19 30h1v1H19zM21 30h1v1H21zM25 30h1v1H25zM28 30h2v1H28zM32,30 h1v1H32zM0 31h1v1H0zM6 31h1v1H6zM8 31h5v1H8zM14 31h1v1H14zM16 31h1v1H16zM22 31h1v1H22zM25 31h1v1H25zM27 31h1v1H27zM29 31h2v1H29zM0 32h7v1H0zM8 32h1v1H8zM13 32h3v1H13zM17 32h1v1H17zM20 32h1v1H20zM24 32h2v1H24zM27 32h2v1H27zM31 32h1v1H31z\"><\/path><\/svg><\/figure>\n<\/div>\n\n\n\n<div class=\"wp-block-column is-layout-flow wp-block-column-is-layout-flow\" style=\"flex-basis:66.66%\">\n<ul>\n<li>\n<h3 style=\"text-align: left;\"><a title=\"Apuntes de armon\u00eda\" href=\"https:\/\/drive.google.com\/file\/d\/0B51Y1nSyhhA3WS1CaWdqWEo0eGM\/view?usp=sharing\" target=\"_blank\" rel=\"noopener\">Apuntes de 3\u00ba y 4\u00ba de Armon\u00eda<\/a><\/h3>\n<p>Apuntes de cursos completos de 3\u00ba y 4\u00ba de Armon\u00eda, seg\u00fan curr\u00edculo de la Junta de Andaluc\u00eda. Estos apuntes se van revisando y actualizando en el mismo enlace.<\/p>\n<\/li>\n<\/ul>\n<\/div>\n<\/div>\n\n\n\n<div class=\"wp-block-columns is-layout-flex wp-container-core-columns-is-layout-9d6595d7 wp-block-columns-is-layout-flex\">\n<div class=\"wp-block-column is-layout-flow wp-block-column-is-layout-flow\" style=\"flex-basis:33.33%\">\n<figure class=\"wp-block-wphackers-qr\"><svg shape-rendering=\"crispEdges\" height=\"128\" width=\"128\" viewBox=\"0 0 41 41\"><path fill=\"#FFFFFF\" d=\"M0,0 h41v41H0z\"><\/path><path fill=\"#000000\" d=\"M0 0h7v1H0zM8 0h2v1H8zM11 0h2v1H11zM15 0h1v1H15zM17 0h1v1H17zM20 0h1v1H20zM22 0h2v1H22zM25 0h2v1H25zM29 0h2v1H29zM34,0 h7v1H34zM0 1h1v1H0zM6 1h1v1H6zM10 1h1v1H10zM16 1h1v1H16zM19 1h2v1H19zM22 1h1v1H22zM25 1h1v1H25zM28 1h1v1H28zM30 1h2v1H30zM34 1h1v1H34zM40,1 h1v1H40zM0 2h1v1H0zM2 2h3v1H2zM6 2h1v1H6zM12 2h1v1H12zM15 2h2v1H15zM19 2h1v1H19zM21 2h1v1H21zM23 2h3v1H23zM27 2h1v1H27zM32 2h1v1H32zM34 2h1v1H34zM36 2h3v1H36zM40,2 h1v1H40zM0 3h1v1H0zM2 3h3v1H2zM6 3h1v1H6zM9 3h4v1H9zM15 3h1v1H15zM20 3h3v1H20zM24 3h3v1H24zM29 3h1v1H29zM32 3h1v1H32zM34 3h1v1H34zM36 3h3v1H36zM40,3 h1v1H40zM0 4h1v1H0zM2 4h3v1H2zM6 4h1v1H6zM12 4h1v1H12zM14 4h2v1H14zM17 4h1v1H17zM19 4h1v1H19zM21 4h1v1H21zM25 4h1v1H25zM31 4h1v1H31zM34 4h1v1H34zM36 4h3v1H36zM40,4 h1v1H40zM0 5h1v1H0zM6 5h1v1H6zM10 5h1v1H10zM12 5h2v1H12zM17 5h2v1H17zM23 5h1v1H23zM25 5h2v1H25zM29 5h1v1H29zM32 5h1v1H32zM34 5h1v1H34zM40,5 h1v1H40zM0 6h7v1H0zM8 6h1v1H8zM10 6h1v1H10zM12 6h1v1H12zM14 6h1v1H14zM16 6h1v1H16zM18 6h1v1H18zM20 6h1v1H20zM22 6h1v1H22zM24 6h1v1H24zM26 6h1v1H26zM28 6h1v1H28zM30 6h1v1H30zM32 6h1v1H32zM34,6 h7v1H34zM8 7h1v1H8zM10 7h1v1H10zM12 7h2v1H12zM23 7h1v1H23zM25 7h2v1H25zM28 7h1v1H28zM30 7h1v1H30zM0 8h2v1H0zM3 8h2v1H3zM6 8h1v1H6zM9 8h1v1H9zM11 8h1v1H11zM14 8h2v1H14zM19 8h3v1H19zM23 8h2v1H23zM27 8h3v1H27zM31 8h1v1H31zM34 8h1v1H34zM40,8 h1v1H40zM0 9h2v1H0zM3 9h3v1H3zM7 9h1v1H7zM9 9h1v1H9zM17 9h1v1H17zM23 9h1v1H23zM27 9h1v1H27zM30 9h2v1H30zM35 9h4v1H35zM2 10h2v1H2zM5 10h2v1H5zM9 10h1v1H9zM14 10h2v1H14zM20 10h1v1H20zM22 10h3v1H22zM26 10h2v1H26zM30 10h1v1H30zM33 10h1v1H33zM35 10h1v1H35zM38 10h1v1H38zM0 11h2v1H0zM4 11h1v1H4zM7 11h2v1H7zM10 11h2v1H10zM14 11h1v1H14zM17 11h1v1H17zM20 11h1v1H20zM22 11h2v1H22zM28 11h10v1H28zM40,11 h1v1H40zM0 12h4v1H0zM5 12h2v1H5zM12 12h5v1H12zM23 12h2v1H23zM27 12h2v1H27zM32 12h1v1H32zM34 12h2v1H34zM40,12 h1v1H40zM5 13h1v1H5zM7 13h4v1H7zM16 13h3v1H16zM22 13h2v1H22zM26 13h2v1H26zM30 13h1v1H30zM34 13h4v1H34zM39,13 h2v1H39zM0 14h1v1H0zM4 14h3v1H4zM11 14h2v1H11zM16 14h1v1H16zM18 14h3v1H18zM22 14h1v1H22zM26 14h2v1H26zM31 14h3v1H31zM35 14h1v1H35zM37 14h1v1H37zM40,14 h1v1H40zM0 15h5v1H0zM7 15h5v1H7zM14 15h2v1H14zM20 15h1v1H20zM22 15h3v1H22zM28 15h1v1H28zM31 15h1v1H31zM33 15h2v1H33zM36 15h3v1H36zM40,15 h1v1H40zM1 16h3v1H1zM5 16h6v1H5zM12 16h1v1H12zM16 16h2v1H16zM19 16h2v1H19zM22 16h4v1H22zM27 16h2v1H27zM30 16h3v1H30zM37 16h1v1H37zM2 17h1v1H2zM4 17h2v1H4zM7 17h1v1H7zM12 17h2v1H12zM15 17h3v1H15zM20 17h1v1H20zM27 17h1v1H27zM29 17h5v1H29zM36 17h1v1H36zM39 17h1v1H39zM0 18h1v1H0zM6 18h2v1H6zM9 18h1v1H9zM11 18h2v1H11zM15 18h2v1H15zM19 18h1v1H19zM21 18h1v1H21zM23 18h2v1H23zM27 18h1v1H27zM30 18h2v1H30zM35 18h4v1H35zM40,18 h1v1H40zM0 19h1v1H0zM2 19h1v1H2zM4 19h2v1H4zM7 19h1v1H7zM9 19h4v1H9zM14 19h3v1H14zM18 19h3v1H18zM22 19h1v1H22zM25 19h1v1H25zM27 19h2v1H27zM34 19h3v1H34zM38 19h2v1H38zM1 20h1v1H1zM3 20h1v1H3zM6 20h2v1H6zM13 20h2v1H13zM17 20h1v1H17zM24 20h1v1H24zM26 20h1v1H26zM28 20h2v1H28zM34 20h2v1H34zM38 20h1v1H38zM40,20 h1v1H40zM0 21h3v1H0zM5 21h1v1H5zM8 21h3v1H8zM12 21h3v1H12zM16 21h1v1H16zM19 21h1v1H19zM23 21h1v1H23zM25 21h3v1H25zM29 21h3v1H29zM33 21h1v1H33zM35 21h5v1H35zM0 22h1v1H0zM2 22h3v1H2zM6 22h1v1H6zM8 22h4v1H8zM13 22h1v1H13zM15 22h4v1H15zM20 22h1v1H20zM23 22h2v1H23zM26 22h2v1H26zM36 22h3v1H36zM3 23h1v1H3zM5 23h1v1H5zM7 23h3v1H7zM11 23h2v1H11zM14 23h1v1H14zM16 23h4v1H16zM26 23h7v1H26zM37 23h1v1H37zM40,23 h1v1H40zM1 24h2v1H1zM6 24h4v1H6zM11 24h1v1H11zM15 24h2v1H15zM19 24h2v1H19zM27 24h2v1H27zM31 24h2v1H31zM34 24h2v1H34zM39 24h1v1H39zM0 25h1v1H0zM4 25h2v1H4zM9 25h1v1H9zM11 25h1v1H11zM13 25h1v1H13zM16 25h1v1H16zM18 25h2v1H18zM22 25h3v1H22zM26 25h5v1H26zM34,25 h7v1H34zM0 26h8v1H0zM12 26h2v1H12zM15 26h6v1H15zM22 26h1v1H22zM25 26h3v1H25zM30 26h3v1H30zM34 26h2v1H34zM38 26h1v1H38zM40,26 h1v1H40zM1 27h2v1H1zM4 27h1v1H4zM7 27h2v1H7zM10 27h3v1H10zM20 27h1v1H20zM23 27h1v1H23zM27 27h1v1H27zM31 27h1v1H31zM34 27h2v1H34zM38,27 h3v1H38zM1 28h1v1H1zM6 28h2v1H6zM10 28h1v1H10zM12 28h1v1H12zM14 28h2v1H14zM17 28h2v1H17zM22 28h4v1H22zM32 28h1v1H32zM37 28h1v1H37zM39 28h1v1H39zM0 29h2v1H0zM3 29h2v1H3zM9 29h1v1H9zM11 29h1v1H11zM14 29h1v1H14zM17 29h4v1H17zM24 29h1v1H24zM27 29h1v1H27zM29 29h4v1H29zM35 29h2v1H35zM0 30h2v1H0zM3 30h1v1H3zM5 30h2v1H5zM8 30h1v1H8zM12 30h1v1H12zM14 30h1v1H14zM16 30h1v1H16zM19 30h3v1H19zM23 30h3v1H23zM27 30h1v1H27zM30 30h2v1H30zM34 30h2v1H34zM40,30 h1v1H40zM0 31h6v1H0zM9 31h3v1H9zM13 31h1v1H13zM15 31h2v1H15zM18 31h2v1H18zM22 31h1v1H22zM25 31h2v1H25zM28 31h1v1H28zM31 31h3v1H31zM36 31h1v1H36zM38,31 h3v1H38zM0 32h2v1H0zM3 32h2v1H3zM6 32h1v1H6zM8 32h1v1H8zM11 32h2v1H11zM14 32h1v1H14zM17 32h1v1H17zM19 32h1v1H19zM21 32h1v1H21zM23 32h2v1H23zM27 32h3v1H27zM31 32h8v1H31zM40,32 h1v1H40zM8 33h1v1H8zM10 33h2v1H10zM13 33h7v1H13zM22 33h1v1H22zM27 33h2v1H27zM30 33h1v1H30zM32 33h1v1H32zM36 33h1v1H36zM0 34h7v1H0zM10 34h4v1H10zM15 34h2v1H15zM20 34h2v1H20zM23 34h1v1H23zM26 34h7v1H26zM34 34h1v1H34zM36 34h1v1H36zM0 35h1v1H0zM6 35h1v1H6zM10 35h1v1H10zM12 35h2v1H12zM18 35h1v1H18zM22 35h3v1H22zM26 35h1v1H26zM29 35h1v1H29zM31 35h2v1H31zM36 35h1v1H36zM0 36h1v1H0zM2 36h3v1H2zM6 36h1v1H6zM8 36h1v1H8zM11 36h1v1H11zM13 36h1v1H13zM15 36h1v1H15zM17 36h1v1H17zM19 36h2v1H19zM22 36h3v1H22zM31 36h7v1H31zM40,36 h1v1H40zM0 37h1v1H0zM2 37h3v1H2zM6 37h1v1H6zM8 37h2v1H8zM12 37h1v1H12zM14 37h1v1H14zM17 37h2v1H17zM22 37h2v1H22zM26 37h6v1H26zM38,37 h3v1H38zM0 38h1v1H0zM2 38h3v1H2zM6 38h1v1H6zM9 38h1v1H9zM14 38h2v1H14zM18 38h3v1H18zM25 38h3v1H25zM29 38h1v1H29zM32 38h2v1H32zM36 38h1v1H36zM40,38 h1v1H40zM0 39h1v1H0zM6 39h1v1H6zM8 39h2v1H8zM12 39h1v1H12zM14 39h1v1H14zM16 39h1v1H16zM22 39h1v1H22zM24 39h1v1H24zM27 39h2v1H27zM35 39h1v1H35zM37 39h2v1H37zM40,39 h1v1H40zM0 40h7v1H0zM8 40h5v1H8zM15 40h1v1H15zM19 40h1v1H19zM25 40h3v1H25zM31 40h2v1H31zM37 40h1v1H37z\"><\/path><\/svg><\/figure>\n<\/div>\n\n\n\n<div class=\"wp-block-column is-layout-flow wp-block-column-is-layout-flow\" style=\"flex-basis:66.66%\">\n<ul>\n<li>\n<h3><a href=\"https:\/\/drive.google.com\/open?id=1G4dcDRsuF0aILP1YPfie4N4YSzOsnBjr&amp;authuser=santiagogarciacuba%40gmail.com&amp;usp=drive_fs\" target=\"_blank\" rel=\"noopener\" data-wplink-edit=\"true\">Apuntes de 5\u00ba curso de Contrapunto<\/a><\/h3>\n<\/li>\n<\/ul>\n<p>Apuntes para el 5\u00ba curso de Composici\u00f3n, referidos exclusivamente al contrapunto por especies. Estos apuntes se van revisando y actualizando en el mismo enlace.<\/p>\n<\/div>\n<\/div>\n\n\n\n<div class=\"wp-block-columns is-layout-flex wp-container-core-columns-is-layout-9d6595d7 wp-block-columns-is-layout-flex\">\n<div class=\"wp-block-column is-layout-flow wp-block-column-is-layout-flow\" style=\"flex-basis:33.33%\">\n<figure class=\"wp-block-wphackers-qr\"><svg shape-rendering=\"crispEdges\" height=\"128\" width=\"128\" viewBox=\"0 0 41 41\"><path fill=\"#FFFFFF\" d=\"M0,0 h41v41H0z\"><\/path><path fill=\"#000000\" d=\"M0 0h7v1H0zM8 0h3v1H8zM14 0h2v1H14zM17 0h1v1H17zM25 0h2v1H25zM29 0h2v1H29zM34,0 h7v1H34zM0 1h1v1H0zM6 1h1v1H6zM10 1h2v1H10zM19 1h2v1H19zM22 1h1v1H22zM24 1h2v1H24zM28 1h1v1H28zM30 1h2v1H30zM34 1h1v1H34zM40,1 h1v1H40zM0 2h1v1H0zM2 2h3v1H2zM6 2h1v1H6zM15 2h1v1H15zM19 2h3v1H19zM24 2h2v1H24zM27 2h1v1H27zM32 2h1v1H32zM34 2h1v1H34zM36 2h3v1H36zM40,2 h1v1H40zM0 3h1v1H0zM2 3h3v1H2zM6 3h1v1H6zM9 3h2v1H9zM12 3h1v1H12zM15 3h1v1H15zM20 3h7v1H20zM29 3h1v1H29zM32 3h1v1H32zM34 3h1v1H34zM36 3h3v1H36zM40,3 h1v1H40zM0 4h1v1H0zM2 4h3v1H2zM6 4h1v1H6zM9 4h1v1H9zM12 4h1v1H12zM14 4h2v1H14zM19 4h1v1H19zM21 4h1v1H21zM25 4h1v1H25zM31 4h1v1H31zM34 4h1v1H34zM36 4h3v1H36zM40,4 h1v1H40zM0 5h1v1H0zM6 5h1v1H6zM10 5h1v1H10zM12 5h3v1H12zM17 5h2v1H17zM23 5h1v1H23zM25 5h2v1H25zM29 5h1v1H29zM32 5h1v1H32zM34 5h1v1H34zM40,5 h1v1H40zM0 6h7v1H0zM8 6h1v1H8zM10 6h1v1H10zM12 6h1v1H12zM14 6h1v1H14zM16 6h1v1H16zM18 6h1v1H18zM20 6h1v1H20zM22 6h1v1H22zM24 6h1v1H24zM26 6h1v1H26zM28 6h1v1H28zM30 6h1v1H30zM32 6h1v1H32zM34,6 h7v1H34zM8 7h1v1H8zM10 7h1v1H10zM12 7h2v1H12zM18 7h1v1H18zM23 7h1v1H23zM25 7h2v1H25zM28 7h1v1H28zM30 7h1v1H30zM0 8h2v1H0zM3 8h2v1H3zM6 8h1v1H6zM9 8h3v1H9zM15 8h2v1H15zM19 8h1v1H19zM22 8h3v1H22zM27 8h3v1H27zM31 8h1v1H31zM34 8h1v1H34zM40,8 h1v1H40zM0 9h1v1H0zM3 9h3v1H3zM9 9h1v1H9zM11 9h1v1H11zM17 9h3v1H17zM23 9h1v1H23zM27 9h1v1H27zM30 9h2v1H30zM35 9h4v1H35zM2 10h2v1H2zM5 10h2v1H5zM8 10h2v1H8zM11 10h2v1H11zM14 10h3v1H14zM20 10h1v1H20zM22 10h2v1H22zM26 10h2v1H26zM30 10h1v1H30zM33 10h1v1H33zM35 10h1v1H35zM38 10h1v1H38zM0 11h5v1H0zM8 11h1v1H8zM10 11h3v1H10zM14 11h1v1H14zM17 11h1v1H17zM19 11h2v1H19zM22 11h3v1H22zM28 11h10v1H28zM40,11 h1v1H40zM0 12h4v1H0zM5 12h2v1H5zM12 12h5v1H12zM19 12h1v1H19zM23 12h2v1H23zM27 12h2v1H27zM32 12h1v1H32zM34 12h2v1H34zM40,12 h1v1H40zM0 13h1v1H0zM4 13h2v1H4zM7 13h2v1H7zM10 13h1v1H10zM16 13h1v1H16zM18 13h1v1H18zM22 13h2v1H22zM26 13h2v1H26zM30 13h1v1H30zM34 13h4v1H34zM39,13 h2v1H39zM0 14h1v1H0zM4 14h3v1H4zM10 14h4v1H10zM16 14h1v1H16zM18 14h4v1H18zM26 14h2v1H26zM31 14h3v1H31zM35 14h1v1H35zM37 14h1v1H37zM40,14 h1v1H40zM0 15h4v1H0zM7 15h2v1H7zM11 15h1v1H11zM14 15h2v1H14zM20 15h1v1H20zM22 15h3v1H22zM28 15h1v1H28zM31 15h1v1H31zM33 15h2v1H33zM36 15h3v1H36zM40,15 h1v1H40zM0 16h5v1H0zM6 16h5v1H6zM12 16h2v1H12zM19 16h1v1H19zM22 16h4v1H22zM27 16h2v1H27zM30 16h3v1H30zM37 16h1v1H37zM1 17h1v1H1zM4 17h1v1H4zM7 17h1v1H7zM12 17h2v1H12zM17 17h1v1H17zM19 17h1v1H19zM22 17h1v1H22zM27 17h1v1H27zM29 17h5v1H29zM36 17h1v1H36zM39 17h1v1H39zM0 18h1v1H0zM2 18h1v1H2zM6 18h1v1H6zM8 18h2v1H8zM11 18h2v1H11zM15 18h2v1H15zM19 18h3v1H19zM23 18h1v1H23zM27 18h1v1H27zM30 18h2v1H30zM35 18h4v1H35zM40,18 h1v1H40zM0 19h1v1H0zM2 19h4v1H2zM8 19h3v1H8zM12 19h1v1H12zM14 19h1v1H14zM16 19h1v1H16zM18 19h3v1H18zM22 19h1v1H22zM24 19h2v1H24zM27 19h2v1H27zM34 19h3v1H34zM38 19h2v1H38zM1 20h1v1H1zM3 20h1v1H3zM6 20h1v1H6zM11 20h1v1H11zM13 20h3v1H13zM17 20h1v1H17zM24 20h1v1H24zM26 20h1v1H26zM28 20h2v1H28zM34 20h2v1H34zM38 20h1v1H38zM40,20 h1v1H40zM0 21h3v1H0zM5 21h1v1H5zM8 21h3v1H8zM12 21h1v1H12zM14 21h1v1H14zM16 21h2v1H16zM19 21h1v1H19zM23 21h1v1H23zM25 21h3v1H25zM29 21h3v1H29zM33 21h1v1H33zM35 21h5v1H35zM0 22h4v1H0zM6 22h1v1H6zM8 22h1v1H8zM11 22h1v1H11zM14 22h5v1H14zM20 22h5v1H20zM26 22h2v1H26zM36 22h3v1H36zM0 23h2v1H0zM3 23h2v1H3zM7 23h6v1H7zM14 23h1v1H14zM16 23h2v1H16zM19 23h1v1H19zM26 23h7v1H26zM37 23h1v1H37zM40,23 h1v1H40zM0 24h1v1H0zM2 24h2v1H2zM6 24h2v1H6zM11 24h2v1H11zM14 24h2v1H14zM17 24h1v1H17zM19 24h1v1H19zM22 24h1v1H22zM27 24h2v1H27zM31 24h2v1H31zM34 24h2v1H34zM39 24h1v1H39zM0 25h1v1H0zM2 25h3v1H2zM9 25h1v1H9zM13 25h1v1H13zM15 25h2v1H15zM18 25h2v1H18zM22 25h3v1H22zM26 25h5v1H26zM34,25 h7v1H34zM0 26h3v1H0zM4 26h5v1H4zM12 26h2v1H12zM15 26h1v1H15zM17 26h4v1H17zM22 26h1v1H22zM25 26h3v1H25zM30 26h3v1H30zM34 26h2v1H34zM38 26h1v1H38zM40,26 h1v1H40zM1 27h4v1H1zM8 27h1v1H8zM10 27h3v1H10zM19 27h2v1H19zM23 27h1v1H23zM27 27h1v1H27zM31 27h1v1H31zM34 27h2v1H34zM38,27 h3v1H38zM1 28h2v1H1zM6 28h2v1H6zM10 28h1v1H10zM12 28h1v1H12zM14 28h2v1H14zM17 28h2v1H17zM22 28h4v1H22zM32 28h1v1H32zM37 28h1v1H37zM39 28h1v1H39zM0 29h2v1H0zM3 29h1v1H3zM9 29h1v1H9zM11 29h1v1H11zM14 29h1v1H14zM18 29h3v1H18zM24 29h1v1H24zM27 29h1v1H27zM29 29h4v1H29zM35 29h2v1H35zM0 30h2v1H0zM3 30h4v1H3zM8 30h2v1H8zM12 30h3v1H12zM16 30h2v1H16zM19 30h2v1H19zM23 30h3v1H23zM27 30h1v1H27zM30 30h2v1H30zM34 30h2v1H34zM40,30 h1v1H40zM0 31h4v1H0zM9 31h3v1H9zM13 31h1v1H13zM15 31h2v1H15zM19 31h1v1H19zM22 31h1v1H22zM25 31h2v1H25zM28 31h1v1H28zM31 31h3v1H31zM36 31h1v1H36zM38,31 h3v1H38zM0 32h2v1H0zM3 32h1v1H3zM6 32h1v1H6zM8 32h2v1H8zM11 32h1v1H11zM14 32h1v1H14zM16 32h1v1H16zM19 32h3v1H19zM23 32h2v1H23zM27 32h3v1H27zM31 32h8v1H31zM40,32 h1v1H40zM8 33h1v1H8zM10 33h2v1H10zM13 33h2v1H13zM17 33h1v1H17zM22 33h1v1H22zM27 33h2v1H27zM30 33h1v1H30zM32 33h1v1H32zM36 33h1v1H36zM0 34h7v1H0zM10 34h4v1H10zM15 34h1v1H15zM21 34h1v1H21zM23 34h1v1H23zM26 34h7v1H26zM34 34h1v1H34zM36 34h1v1H36zM0 35h1v1H0zM6 35h1v1H6zM10 35h4v1H10zM15 35h1v1H15zM18 35h2v1H18zM22 35h3v1H22zM26 35h1v1H26zM29 35h1v1H29zM31 35h2v1H31zM36 35h1v1H36zM0 36h1v1H0zM2 36h3v1H2zM6 36h1v1H6zM8 36h1v1H8zM11 36h1v1H11zM13 36h1v1H13zM15 36h1v1H15zM17 36h1v1H17zM20 36h1v1H20zM22 36h3v1H22zM31 36h7v1H31zM40,36 h1v1H40zM0 37h1v1H0zM2 37h3v1H2zM6 37h1v1H6zM8 37h2v1H8zM12 37h1v1H12zM14 37h1v1H14zM17 37h2v1H17zM22 37h2v1H22zM26 37h6v1H26zM38,37 h3v1H38zM0 38h1v1H0zM2 38h3v1H2zM6 38h1v1H6zM10 38h1v1H10zM15 38h1v1H15zM17 38h1v1H17zM19 38h3v1H19zM25 38h3v1H25zM29 38h1v1H29zM32 38h2v1H32zM36 38h1v1H36zM40,38 h1v1H40zM0 39h1v1H0zM6 39h1v1H6zM8 39h1v1H8zM12 39h1v1H12zM14 39h1v1H14zM16 39h1v1H16zM22 39h1v1H22zM24 39h1v1H24zM27 39h2v1H27zM35 39h1v1H35zM37 39h2v1H37zM40,39 h1v1H40zM0 40h7v1H0zM8 40h4v1H8zM15 40h1v1H15zM19 40h2v1H19zM22 40h1v1H22zM25 40h3v1H25zM31 40h2v1H31zM37 40h1v1H37z\"><\/path><\/svg><\/figure>\n<\/div>\n\n\n\n<div class=\"wp-block-column is-layout-flow wp-block-column-is-layout-flow\" style=\"flex-basis:66.66%\">\n<ul>\n<li>\n<h3><a href=\"https:\/\/drive.google.com\/open?id=1G1aht4e7DkSX6dxAyM_fEtELG8a1jPzH&amp;authuser=santiagogarciacuba%40gmail.com&amp;usp=drive_fs\" target=\"_blank\" rel=\"noopener\">Apuntes de 6\u00ba curso de Contrapunto<\/a><\/h3>\n<\/li>\n<\/ul>\n<p>Apuntes para el 5\u00ba curso de Composici\u00f3n, referidos exclusivamente al contrapunto por especies. Estos apuntes se van revisando y actualizando en el mismo enlace.<\/p>\n<\/div>\n<\/div>\n","protected":false},"excerpt":{"rendered":"<p>Aqu\u00ed se puede encontrar material que uso para las clases. Son apuntes que pueden descargarse, y si usted lo encuentra interesante, puede usarlo sin problema, seg\u00fan licencia\u00a0Creative Commons Apuntes de 3\u00ba y 4\u00ba de Armon\u00eda Apuntes de cursos completos de 3\u00ba y 4\u00ba de Armon\u00eda, seg\u00fan curr\u00edculo de la Junta de Andaluc\u00eda. Estos apuntes se <a class=\"more-link\" href=\"https:\/\/garciacuba.com\/wpsgc\/material-didactico\/\">Leer m\u00e1s &#8230;<\/a><\/p>\n","protected":false},"author":3,"featured_media":0,"parent":0,"menu_order":0,"comment_status":"closed","ping_status":"closed","template":"","meta":{"footnotes":""},"class_list":["post-1110","page","type-page","status-publish","hentry"],"_links":{"self":[{"href":"https:\/\/garciacuba.com\/wpsgc\/wp-json\/wp\/v2\/pages\/1110","targetHints":{"allow":["GET"]}}],"collection":[{"href":"https:\/\/garciacuba.com\/wpsgc\/wp-json\/wp\/v2\/pages"}],"about":[{"href":"https:\/\/garciacuba.com\/wpsgc\/wp-json\/wp\/v2\/types\/page"}],"author":[{"embeddable":true,"href":"https:\/\/garciacuba.com\/wpsgc\/wp-json\/wp\/v2\/users\/3"}],"replies":[{"embeddable":true,"href":"https:\/\/garciacuba.com\/wpsgc\/wp-json\/wp\/v2\/comments?post=1110"}],"version-history":[{"count":2,"href":"https:\/\/garciacuba.com\/wpsgc\/wp-json\/wp\/v2\/pages\/1110\/revisions"}],"predecessor-version":[{"id":1112,"href":"https:\/\/garciacuba.com\/wpsgc\/wp-json\/wp\/v2\/pages\/1110\/revisions\/1112"}],"wp:attachment":[{"href":"https:\/\/garciacuba.com\/wpsgc\/wp-json\/wp\/v2\/media?parent=1110"}],"curies":[{"name":"wp","href":"https:\/\/api.w.org\/{rel}","templated":true}]}}